{"id":734,"date":"2019-04-08T15:27:58","date_gmt":"2019-04-08T13:27:58","guid":{"rendered":"http:\/\/daniel.goffinet.fr\/?page_id=734"},"modified":"2019-04-09T15:08:42","modified_gmt":"2019-04-09T13:08:42","slug":"informathique-electorale","status":"publish","type":"page","link":"https:\/\/daniel.goffinet.fr\/?page_id=734&lang=fr","title":{"rendered":"Informathique \u00e9lectorale"},"content":{"rendered":"\n<p>    on commence avec l<a href=\"http:\/\/daniel.goffinet.fr\/wp-content\/uploads\/2019\/04\/P-ou-F-complet.pdf\">e Paradoxe de Condorcet <\/a>(automates + r\u00e9duction de Jordan + th\u00e9or\u00e8me d&#8217;Arrow)<br><br>    on passe ensuite aux <a href=\"http:\/\/daniel.goffinet.fr\/?page_id=398&amp;lang=fr\">reports de voix entre les deux tours <\/a>en syst\u00e8me \u00e9lectoral Fran\u00e7ais (pseudo-inverse + projection sur un convexe)<br><br>    enfin <a href=\"http:\/\/daniel.goffinet.fr\/wp-content\/uploads\/2019\/04\/le-cex-de-N.Pecheux-pour-epi.net_.pdf\">les contre-exemples de Nicolas P\u00e9cheux<\/a> qui compl\u00e8tent ma premi\u00e8re partie<\/p>\n","protected":false},"excerpt":{"rendered":"<p>on commence avec le Paradoxe de Condorcet (automates + r\u00e9duction de Jordan + th\u00e9or\u00e8me d&#8217;Arrow) on passe ensuite aux reports de voix entre les deux tours en syst\u00e8me \u00e9lectoral Fran\u00e7ais (pseudo-inverse + projection sur un convexe) enfin les contre-exemples de Nicolas P\u00e9cheux qui compl\u00e8tent ma premi\u00e8re partie<\/p>\n","protected":false},"author":1,"featured_media":0,"parent":0,"menu_order":0,"comment_status":"closed","ping_status":"closed","template":"","meta":{"footnotes":""},"class_list":["post-734","page","type-page","status-publish","hentry"],"_links":{"self":[{"href":"https:\/\/daniel.goffinet.fr\/index.php?rest_route=\/wp\/v2\/pages\/734","targetHints":{"allow":["GET"]}}],"collection":[{"href":"https:\/\/daniel.goffinet.fr\/index.php?rest_route=\/wp\/v2\/pages"}],"about":[{"href":"https:\/\/daniel.goffinet.fr\/index.php?rest_route=\/wp\/v2\/types\/page"}],"author":[{"embeddable":true,"href":"https:\/\/daniel.goffinet.fr\/index.php?rest_route=\/wp\/v2\/users\/1"}],"replies":[{"embeddable":true,"href":"https:\/\/daniel.goffinet.fr\/index.php?rest_route=%2Fwp%2Fv2%2Fcomments&post=734"}],"version-history":[{"count":4,"href":"https:\/\/daniel.goffinet.fr\/index.php?rest_route=\/wp\/v2\/pages\/734\/revisions"}],"predecessor-version":[{"id":740,"href":"https:\/\/daniel.goffinet.fr\/index.php?rest_route=\/wp\/v2\/pages\/734\/revisions\/740"}],"wp:attachment":[{"href":"https:\/\/daniel.goffinet.fr\/index.php?rest_route=%2Fwp%2Fv2%2Fmedia&parent=734"}],"curies":[{"name":"wp","href":"https:\/\/api.w.org\/{rel}","templated":true}]}}